What is the tens digit of s(-9)?
3
Suppose 2*c + 2*c - 18 = 5*w, -3*w = 2*c + 2. What is the tens digit of 15*(-36)/(-15)*(-1)/w?
1
Let u = -79 + 193. Let s = 139 - u. What is the units digit of s?
5
Let q = 70 + 50. Let w = -58 + q. What is the tens digit of w?
6
Suppose 3*m = 4*m - 2, m = -5*t - 43. Let s(z) be the third derivative of z**5/60 + 7*z**4/24 + 11*z**3/6 + 17*z**2. What is the tens digit of s(t)?
2
Suppose 0 = -3*k - 5*j - 39 + 10, -2*k - 4*j - 22 = 0. Let t(r) = r**2 - r - 1. Let s(n) = n**2 - n. Let d(l) = 4*s(l) - 3*t(l). What is the tens digit of d(k)?
1
Suppose 0 = -2*d - 3*n + 378, -2*n = -5*d + 2*n + 991. Suppose -d = -34*i + 29*i. Suppose 4*j = j + i. What is the tens digit of j?
1
Let b = 5273 + -2597. What is the thousands digit of b?
2
Suppose 775 = -5*g - 3*s - s, -5*s + 579 = -4*g. Let n = g - -218. Let f = n - 27. What is the units digit of f?
0
Let r be 1*3 + 105 + -12. Let v = r - 48. What is the units digit of v?
8
Suppose 0 = 5*h - f - 2, 4*f + 3 = 2*h - 5. Suppose -9*v + 414 + 900 = h. What is the units digit of v?
6
Let r(q) = 15*q**3 + 3*q - 2. Let d be r(1). Suppose -2*m + 5*c - 3*c + d = 0, -m = 4*c + 7. Suppose 75 + 10 = m*t. What is the tens digit of t?
1
Let i(k) = 472*k - 197. What is the hundreds digit of i(12)?
4
Let n(l) = 28*l**3 + 12*l**2 - 24*l + 116. What is the thousands digit of n(5)?
3
Suppose 3*t - 2 = c + 4*c, -4*t = -c - 31. Let i = t - -18. What is the tens digit of i?
2
Suppose -z + 3*c = 9, 2*c = 5*c - 9. Let t(x) = x**2 + x + 6. Let f be t(z). Let u(v) = -v**3 + 7*v**2 - v + 2. What is the units digit of u(f)?
2
Let g = 10 - 8. Suppose q - g*q - x + 30 = 0, 5*x = q. Let i = 58 - q. What is the units digit of i?
3
Let r(b) = 3*b**2 - 14*b - 61. What is the hundreds digit of r(-14)?
7
Suppose y = 3*y - 52. Let h = y - 14. What is the tens digit of -15*h/(-9) - 1?
1
Suppose 4*s - 1 = 3. What is the tens digit of (s/1)/(3/261)?
8
Let k = 50 - 101. Let p = -15 - k. What is the units digit of p?
6
Let f be (1 + -2 - 155)*56/24. What is the hundreds digit of (-18 - -15)/(6/f)?
1
Let r = -58 + 61. Let c(t) = -2*t + 2*t**2 + t**2 + t + 6. What is the tens digit of c(r)?
3
Let m(h) = -3*h**3 + 41*h**2 - 7*h + 9. What is the units digit of m(13)?
6
Suppose -4*g = -3*g + 2, -42 = -2*y - 2*g. Suppose 0 = n - 99 + y. What is the tens digit of n?
7
Let c = -147 - -213. Let v = c + -25. What is the units digit of v?
1
Let l(h) = h**2 + 9*h - 7. Let x be l(-10). Suppose 0 = -x*o + 63 + 3. What is the tens digit of o?
2
Suppose -r - 122 = -35. Let p = 151 + r. Suppose 0 = -3*w - w + p. What is the tens digit of w?
1
Suppose -27 = 4*r - 5*p, -3*r - 7 = p - 1. What is the tens digit of (-4)/(-2)*(235/2 - r)?
4
Let c(o) = -o**2 - 16*o - 11. Let v be (0 + 3)*40/3. Suppose 3*x = -m - 3*m - 44, -2*m - v = -3*x. What is the tens digit of c(m)?
1
Let j be (((-2032)/2)/(-4))/2. Let q = j + -90. What is the tens digit of q?
3
Suppose -9114 = 198*h - 205*h. What is the units digit of h?
2
Let l = 21 - 16. Suppose l*k = 5*m - 10, 3*k + 0*k = -2*m + 9. What is the tens digit of k + (-57)/(-1) - -3?
6
Suppose -5*t + 4*w + 670 = 0, 0*w + 4*w = -2*t + 240. Let x be -7 + 4 - -2 - -7. Suppose -x*n = -n - t. What is the tens digit of n?
2
Suppose 0*a = -7*a + 140. Suppose h + 3*h - a = 0. What is the units digit of h?
5
Let n = 106 - 15. What is the tens digit of n?
9
Let p be -2 + -2 - -99 - 1. Suppose -5*i = -0*r - 3*r + p, -2 = i. What is the units digit of r?
8
What is the units digit of 16/(-5)*(10 - (-3290)/(-28))?
4
Let p(c) = c. Let d be p(-5). Let j(x) = -x**3 - 4*x + 15. Let i(h) = -h - 1. Let s(v) = d*i(v) + j(v). What is the tens digit of s(0)?
2
Let x(p) = 5*p - 26. Let m be x(11). Suppose 3*i = -a + 2*a - m, -i = 3*a + 13. What is the units digit of (-45)/i - 1/(-2)?
5
Let k(c) = c**3 + 8*c**2 - 5*c + 2. What is the units digit of k(-5)?
2
Suppose 3*d + 6 = 3*x, 2*x + 0*x - d = 4. What is the hundreds digit of (-24)/32 + x + 2325/12?
1
Suppose 4*p - 2*s = 964, s + 154 + 86 = p. What is the tens digit of p?
4
What is the hundreds digit of 32859/24 + (-43)/344?
3
Let j(c) = 2*c - 10. Let m be j(10). Suppose -11*x - 10 = -m*x. What is the units digit of (12/x)/(12/(-90))?
9
Suppose -21938 = -106*a + 92*a. What is the tens digit of a?
6
Suppose 0 = 35*i - 5593 - 38402. What is the thousands digit of i?
1
Suppose -3*y = -12, 2*b = 4*y - 7*y + 3670. What is the thousands digit of b?
1
Let l(u) = -u**2 + 2*u**2 + 14 - 6*u**3 + 4*u - u**2 - 4*u**2. What is the hundreds digit of l(-3)?
1
Let w(c) = -c**2 - 10*c - 1. Suppose 0 = d + 4*d + 35. Let i be w(d). Suppose -48 = -4*f - i. What is the units digit of f?
7
Let g(d) = -4*d + 48. What is the tens digit of g(5)?
2
Let k(g) = g - 38. Let h be k(0). Let y = -167 - -92. Let s = h - y. What is the tens digit of s?
3
Suppose 8*s - 50 + 2 = 0. Suppose s*i - 5*i = 50. What is the tens digit of i?
5
Let c(f) = -3*f - 2. Let u be 98/(-4) + (1 - (-2)/(-4)). What is the tens digit of c(u)?
7
Let l(x) = 22*x**2 - 12*x - 18. What is the tens digit of l(-4)?
8
Suppose s = 252 + 21. What is the hundreds digit of s?
2
Suppose 4*h + 2*q - 29 - 17 = 0, q + 1 = 0. Let f(u) = 3*u + 5. What is the tens digit of f(h)?
4
Suppose -5*a = 2*k - 3859, 0 = -6*a + a + k + 3853. What is the units digit of a?
1
Let k(n) = n**2 - 63. What is the units digit of k(13)?
6
Let s = 122 - 22. Suppose 97*f - s*f = -228. What is the tens digit of f?
7
Suppose -5*s - 119 = -4*a, -2*s + 18 = a - 2. What is the tens digit of 2032/a + 2/(-13)?
7
Let h(q) = 2*q**3 - 17*q**2 - 30*q - 29. What is the hundreds digit of h(14)?
7
Suppose 1 = q, 0 = -34*a + 29*a + 4*q + 681. What is the hundreds digit of a?
1
Let s = -2994 - -5027. What is the thousands digit of s?
2
Suppose -2*j + t = -1, 4*j - 3*t + 0 - 3 = 0. Suppose 5*o - 170 = 4*h, -o + j*o + 63 = 5*h. What is the tens digit of o?
3
Let m(g) = 6*g**2 + 99*g + 15. Let b(h) = h**2 + 14*h + 2. Let j(a) = 15*b(a) - 2*m(a). What is the hundreds digit of j(-11)?
2
Suppose 435*z - 441*z + 5124 = 0. What is the tens digit of z?
5
Let r(n) = -7*n - 18. Let z be r(-3). Let b(k) = -2 - 3 + 17*k - 1. What is the tens digit of b(z)?
4
Let g(t) = -45*t + 5. Let c be g(-3). Suppose c = 4*k - 0*k. What is the tens digit of k?
3
Suppose 11*b - 437 - 2291 = 0. What is the tens digit of b?
4
Let t be (-987)/(-18) - 2/(-12). Let p = -33 + t. Let k = p - -37. What is the units digit of k?
9
Let a(i) = i**2 + 8*i - 11. Let d be a(-9). Let q be 30*(d - (-5)/2). What is the units digit of (-26)/(-6) + (-5)/q?
4
Suppose 4*j = -2*o - 2, o = 2*o - j + 1. Let u be (-4 + 24/9)*-6. Let q = o + u. What is the units digit of q?
7
Let q(c) = -61*c**2 + 6*c - 7. Let d(k) = -2*k**2 + k + 1. Let g(n) = -3*d(n) - q(n). What is the tens digit of g(2)?
5
Let n(s) = 8*s**2 + s + 5. Let i(u) = 8*u**2 + 5. Let w(t) = -5*i(t) + 6*n(t). Let k be w(-4). Let m = k - 60. What is the units digit of m?
9
Let m(l) = l**3 + 11*l**2 - 14*l - 17. Let g be m(-12). Let d be (-23)/1 - (g + -11). Let w = 12 - d. What is the tens digit of w?
3
What is the tens digit of (-27198)/(-12) - 9/6?
6
Let q(j) = -6*j - 45. Let g be q(-8). Let b(a) = a**3 + 7*a**2 + 6*a - 4. Let n be b(-5). Suppose 0 = g*l - n - 14. What is the units digit of l?
0
Suppose -2*g = -142 - 302. Suppose 19*q = 22*q - g. What is the units digit of q?
4
Let j = -24 + 29. Suppose 0 = 2*s - m - 199, 96 = s + m - j. What is the tens digit of s?
0
Let h(p) = p**2 - 21. Let l(o) = 5*o**2 - 105. Let d(w) = 11*h(w) - 2*l(w). Let v be d(-16). Suppose 3*n + 2*n - v = 0. What is the tens digit of n?
4
Let q(m) = 2*m**2 - 9*m + 28. What is the units digit of q(-10)?
8
Let a(t) = -t**3 - 16*t**2 + 32*t + 134. What is the tens digit of a(-18)?
0
Let p(v) = -76*v**3 - 2*v + 4. What is the tens digit of p(-2)?
1
Let k be 8/32 - 2/8. Suppose k = w + 3*z - 19, -3*w + 4*z - 9 = -2*w. Suppose w = -y + 19. What is the units digit of y?
2
Let r be (24/3)/((-2)/(-24)). Suppose -6*x + r = -0*x. What is the units digit of x?
6
Suppose -4*y + 6 = -y. Suppose y*s - 85 = -35. What is the units digit of s?
5
Suppose -9*w = -14*w + 25. Suppose -w*c + c + 116 = 0. What is the tens digit of c?
2
Let a(c) = 9*c - 6*c - 1 - 2*c + 2*c. What is the tens digit of a(19)?
5
What is t